sor of q and f?
6
Suppose 7*o = 10*o - 9. Suppose 41 + o = 4*g. Calculate the highest common factor of 33 and g.
11
Suppose 62*g + 27*g - 78765 = 0. Calculate the greatest common divisor of 15 and g.
15
Suppose 4*z = 6*z + 12. Let g be (-2)/(-4) + (-123)/z. What is the greatest common divisor of 14 and g?
7
Let m = -77 - -164. Suppose -4*o + m = -17. Let h = 143 + -13. Calculate the highest common factor of o and h.
26
Suppose -3*q + 2*q - 3*m + 24 = 0, 2 = -2*q + 4*m. Calculate the highest common divisor of q and 243.
9
Let m be (-32)/(-14) - 38/133. Suppose -14 - 6 = -4*t. Let l be (m/t)/(3/180). What is the highest common divisor of 12 and l?
12
Let t = 68 + -66. Suppose 4*n - 15 = -x + 3*n, -30 = -t*x - 4*n. Calculate the highest common factor of 105 and x.
15
Let p be (-6)/15 + (-17)/(-5). Let a be 32/14 - (3 - 38/14). Suppose -2 = 2*v - a*s - 46, 5*v - 122 = -s. Calculate the highest common divisor of v and p.
3
Let l(f) = -53*f + 76. Let x be l(-4). Calculate the highest common divisor of x and 672.
96
Suppose 3*d - 2*g - 30 = 0, -3*d + 26 + 4 = 3*g. Let y be (0 + -18)/((-5)/20). Let w = -2 + y. Calculate the greatest common divisor of w and d.
10
Let n(i) = i**2 - 18*i - 31. Let w be n(-16). Let c = 7 - 3. Suppose c*x - w = x. What is the greatest common divisor of x and 19?
19
Let q be 6/4*(1 - -1). Suppose -t - q*x = -81, -2*t - 4*x + 22 = -130. What is the highest common divisor of t and 6?
6
Let m be (30/(-4) + 6)*(-8)/3. Suppose -3*c + 149 = -m*z - 263, 5*c = 4*z + 676. What is the highest common divisor of c and 24?
12
Let o be 5130/35 - (-6)/14. What is the greatest common factor of o and 343?
49
Let l = 46 - 20. Suppose 5*m + 589 = 3*p, 0 = -3*m - 0 - 15. Let k be 8/(-4) + -4 + p. What is the greatest common divisor of k and l?
26
Let y be 44/3*120/80. Suppose 22 = 5*r + 122. Let a be 2/(-5) - 228/r. Calculate the highest common divisor of y and a.
11
Let n be 39574/329 - (-2)/(-7). Calculate the greatest common divisor of 90 and n.
30
Let u be (-5740)/(-100) - (0 - 6/10). Calculate the highest common factor of u and 551.
29
Suppose 5*y - 338 = 4*u, -8*y + 4*y + 274 = -5*u. Calculate the greatest common factor of y and 363.
33
Let r be -1 + 72 + -10 + 11. Let q = r - 7. What is the highest common factor of 26 and q?
13
Let y be -2 - (1 - (-6)/2). Let r be 16/(-9) - y/(-27). Let o be r + 18/(-3 + 6). Calculate the highest common divisor of o and 24.
4
Suppose 4*f = -2*o + 34, 2*f - f - 5 = 0. What is the greatest common factor of 112 and o?
7
Let m(r) be the first derivative of -2 + 2*r**4 + 1/3*r**3 + 0*r**2 - 2*r. Let o be m(2). Calculate the highest common factor of o and 6.
6
Let w(m) = -m**3 - 4*m**2 + 5*m - 14. Let x be w(-6). Calculate the highest common factor of x and 4.
4
Let b = -112 + 113. Let w be (b + 3)/(1*2/8). Calculate the greatest common factor of w and 176.
16
Let b be (-6)/9 - (34/(-6) - 0). Let y(z) = -z**2 + 13*z - 35. Let p be y(8). What is the greatest common factor of b and p?
5
Suppose -2*i = -8*r + 3*r + 84, -102 = -5*r - 4*i. Let n be (-3 - -1)/((-1)/9). What is the greatest common divisor of n and r?
18
Let d(w) = 2*w + 5. Let u be d(5). Let s(z) = -12*z - 6. Let b be s(-13). Suppose -5*m + b = -4*m. Calculate the highest common factor of u and m.
15
Let j(v) = -2*v + 14. Let z be j(3). Let o be 30/z + -3 + 2/8. What is the highest common divisor of 3 and o?
1
Suppose -l + 24 = 3*l. Let y(z) = 4*z + 4. Let c be y(l). Let n(a) = -a**3 + 5*a**2 - 12. Let v be n(4). Calculate the greatest common divisor of v and c.
4
Let h(s) = s**2 - 2*s + 8. Let p be h(-6). Let k be (-2 + 26)*6/18. Suppose k*l = 3*l + 40. What is the greatest common divisor of l and p?
8
Let q = 175 - 88. Calculate the highest common divisor of q and 58.
29
Let g be -8 + 7 - (-314)/2. What is the highest common divisor of g and 12?
12
Let r be (1 - -19) + (-6)/(-1). What is the highest common factor of 104 and r?
26
Suppose 2*f = 0, 0*c = 4*c - 2*f. Suppose c = 4*p - 2*p - 280. Calculate the highest common divisor of p and 20.
20
Let i(a) = a**2 - 11*a - 8. Let s be i(12). Suppose 2*z = s*z - 12. Suppose g - 3*x = -z*x + 141, 433 = 3*g - x. What is the highest common factor of g and 18?
18
Let j be 4/(-16) - (-2)/8. Suppose 0 = -d - j*d + 9. Let s be 6/8 - (-1)/4. Calculate the highest common factor of s and d.
1
Let p be (-9)/2*(-3 + -27). Let n(c) = -2*c**2 - 11*c - 28. Let u be n(-7). Let o be (1 + 4)*1 - u. What is the highest common factor of o and p?
27
Suppose -x + 4*l + 342 = 0, 1 + 9 = -2*l. What is the highest common factor of x and 28?
14
Suppose 6*g - 8 = 4*g. Suppose -g*f - 2*a = -52, -4*f + 26 = -2*f - a. Calculate the greatest common divisor of f and 143.
13
Suppose 0 = 3*y - 2*j - 6, 2*j = -3*y + 2*y + 2. Suppose o - 2*n = 5, 7*o + 3*n - 10 = 5*o. Calculate the greatest common divisor of o and y.
1
Suppose -4*s - 12 = -k, -4*k + 5*s + 31 = -39. Let d be 15/(-2)*k/(-6). Let o = 197 - 72. Calculate the greatest common divisor of o and d.
25
Let t be (0 + 42)*(35/(-14))/(-5). Calculate the highest common factor of 56 and t.
7
Let a = 7 - -7. Let u(m) = m**3 - 9*m**2 - 97*m + 839. Let r be u(11). Calculate the highest common divisor of r and a.
14
Suppose 3*t - r - 72 = -5*r, 0 = 4*t + r - 83. Let k(v) = 9*v**2 - 42*v - 191. Let b be k(9). What is the greatest common divisor of t and b?
20
Let y be -3*(8 + 0)*-2. Let x(v) = v**3 - 2*v**2 + 3*v - 5. Let m be x(3). Let i = m - 7. What is the greatest common divisor of i and y?
6
Let r(v) = 5*v + 337. Let d be r(-26). What is the highest common factor of d and 115?
23
Let i = -129 - -287. Calculate the highest common factor of 2 and i.
2
Suppose -37 = -2*f + 5*c, 0*f = -f - 2*c - 4. Let n(s) = 3*s**2 - 4*s + 4. Let g be n(f). Calculate the greatest common divisor of g and 11.
11
Let f(z) = 2*z**2 + 2*z - 6. Let v be f(-5). Suppose b = 32 + v. Let t be (-3 - 53/(-3))/((-1)/(-3)). Calculate the greatest common divisor of b and t.
22
Let o(b) = 2*b**2 + 6*b + 6. Let w be o(-5). Suppose 4*k - 116 + 6 = 3*v, 4*k - 112 = 4*v. Calculate the highest common factor of k and w.
26
Let y = 3043 + -3011. Calculate the highest common divisor of 248 and y.
8
Let c = -167 + 209. Calculate the highest common divisor of 30 and c.
6
Suppose -5*j = -0*j + 60. Let c(x) = -x**3 - 13*x**2 - 11*x + 20. Let b be c(j). What is the highest common factor of 40 and b?
8
Suppose 4*a + 8 = 0, 5*s + 18*a - 15*a - 1499 = 0. Calculate the greatest common factor of 7 and s.
7
Let b(y) = -5*y**3 - 2*y**2 + 2*y + 3. Let u be b(-1). Let k be (36/u + -2)*1. Calculate the highest common divisor of 63 and k.
7
Suppose -2*l = -24 + 2. Let f be (18/(-8))/((-4)/352). Suppose 3*k = k + f. What is the highest common factor of k and l?
11
Let m = 9 - -38. Suppose -9*q = 5*h - 6*q - 33, -3*h + 5*q = -m. What is the greatest common divisor of 9 and h?
9
Suppose 0 = -5*k + b + 21, 3*k - b - 10 = -3*b. Suppose k*w - 64 = 24. Calculate the highest common divisor of w and 2.
2
Let o be 2 - (-2)/((-8)/(-4)). Let t(j) = 4*j + 26. Let u be t(-6). Calculate the greatest common divisor of u and o.
1
Suppose 5*i = -3*t + 746, -2037*i = -3*t - 2034*i + 714. Let j = -22 + 44. Calculate the highest common divisor of j and t.
22
Let v = 1101 + -438. Calculate the highest common divisor of 17 and v.
17
Suppose -15 = -3*w + 3*k, 2*w - 20 = -2*w - 4*k. Suppose 5*h + 0*h = w. Calculate the highest common divisor of h and 8.
1
Let z be 1509/12 - 6/(-24). Let k be z/(-35)*(-5)/2. What is the greatest common divisor of 36 and k?
9
Let j(w) = -w**3 - 9*w**2 + w + 10. Let a be j(-9). Let b = a + 0. Let r be (b/3)/((-3)/(-153)). What is the highest common factor of 51 and r?
17
Let c(g) = 3*g**2 - 14*g + 19. Let k(p) = 4*p**2 - 14*p + 20. Let r(l) = -3*c(l) + 2*k(l). Let v be r(10). What is the highest common divisor of v and 92?
23
Let h = 226 + -219. What is the highest common divisor of 7 and h?
7
Suppose 3*h = 2*x + 206, -5*h + 350 = 3*x - 5*x. Let l be h/4*(0 + 6). What is the greatest common factor of l and 27?
27
Suppose 0 = 4*a + 4*r - 184, r - 50 = -a - 2*r. Calculate the greatest common divisor of 66 and a.
22
Let t(l) = l**3 + 25*l**2 - 27*l - 20. Let d be t(-26). Let r = 49 - 1. What is the greatest common factor of r and d?
6
Su